{"id":394,"date":"2025-05-17T08:15:51","date_gmt":"2025-05-17T13:15:51","guid":{"rendered":"https:\/\/hyrco.com\/?page_id=394"},"modified":"2025-09-24T10:26:35","modified_gmt":"2025-09-24T15:26:35","slug":"formulario-de-contacto","status":"publish","type":"page","link":"https:\/\/hyrco.com\/index.php\/formulario-de-contacto\/","title":{"rendered":"Formulario de contacto"},"content":{"rendered":"<div class='breakdance'><section class=\"bde-section-394-100 bde-section\">\n  \n\t\n\n\n\n<div class=\"section-container\"><h1 class=\"bde-heading-394-101 bde-heading\" data-entrance=\"slideRight\">\nFormulario de contacto\n<\/h1><\/div>\n<\/section><section class=\"bde-section-394-102 bde-section\">\n  \n\t\n\n\n\n<div class=\"section-container\"><div class=\"bde-columns-394-103 bde-columns\"><div class=\"bde-column-394-104 bde-column\">\n  \n\t\n\n\n\n<div class=\"bde-columns-394-109 bde-columns\"><div class=\"bde-column-394-110 bde-column\">\n  \n\t\n\n\n\n\n<\/div><div class=\"bde-column-394-111 bde-column\">\n  \n\t\n\n\n\n<div class=\"bde-form-builder-394-107 bde-form-builder\" data-entrance=\"slideLeft\">\n\n\n<form id=\"contact-form107\" class=\"breakdance-form breakdance-form--vertical \" data-options=\"{&quot;slug&quot;:&quot;custom&quot;,&quot;name&quot;:&quot;Contact Form&quot;,&quot;ajaxUrl&quot;:&quot;https:\\\/\\\/hyrco.com\\\/wp-admin\\\/admin-ajax.php&quot;,&quot;clearOnSuccess&quot;:true,&quot;hideOnSuccess&quot;:false,&quot;successMessage&quot;:&quot;\\u00a1Tu mensaje ha sido recibido!&quot;,&quot;errorMessage&quot;:&quot;Algo sali\\u00f3 mal.&quot;,&quot;redirect&quot;:false,&quot;redirectUrl&quot;:&quot;&quot;,&quot;customJavaScript&quot;:&quot;&quot;,&quot;recaptcha&quot;:{&quot;key&quot;:&quot;&quot;,&quot;enabled&quot;:false},&quot;honeypot_enabled&quot;:false,&quot;popupsOnSuccess&quot;:[],&quot;popupsOnError&quot;:[]}\" data-steps=\"0\" >\n  \n  \n  \n<div class=\"breakdance-form-field breakdance-form-field--text\" >\n    \n    \n            <label class=\"breakdance-form-field__label\" for=\"Nombre completo\">\n            Name<span class=\"breakdance-form-field__required\">*<\/span>\n        <\/label>\n    \n    <input\n    class=\"breakdance-form-field__input\"\n    id=\"Nombre completo\"\n    aria-describedby=\"Nombre completo\"\n    type=\"text\"\n    name=\"fields[Nombre completo]\"\n    placeholder=\"Nombre completo\"\n    value=\"\"\n                \n        \n        \n    required\n    \n    \n>\n\n\n    \n    \n<\/div>\n\n\n<div class=\"breakdance-form-field breakdance-form-field--tel\" >\n    \n    \n            <label class=\"breakdance-form-field__label\" for=\"Telefono\">\n            Tel\u00e9fono<span class=\"breakdance-form-field__required\">*<\/span>\n        <\/label>\n    \n    <input\n    class=\"breakdance-form-field__input\"\n    id=\"Telefono\"\n    aria-describedby=\"Telefono\"\n    type=\"tel\"\n    name=\"fields[Telefono]\"\n    placeholder=\"+51 999999999\"\n    value=\"\"\n                \n        \n        \n    required\n    \n    \n>\n\n\n    \n    \n<\/div>\n\n\n<div class=\"breakdance-form-field breakdance-form-field--email\" >\n    \n    \n            <label class=\"breakdance-form-field__label\" for=\"email\">\n            Email<span class=\"breakdance-form-field__required\">*<\/span>\n        <\/label>\n    \n    <input\n    class=\"breakdance-form-field__input\"\n    id=\"email\"\n    aria-describedby=\"email\"\n    type=\"email\"\n    name=\"fields[email]\"\n    placeholder=\"Correo electr\u00f3nico\"\n    value=\"\"\n                \n        \n        \n    required\n    \n    \n>\n\n\n    \n    \n<\/div>\n\n\n<div class=\"breakdance-form-field breakdance-form-field--text\" >\n    \n    \n            <label class=\"breakdance-form-field__label\" for=\"Tipo de empresa\">\n            Empresa\n        <\/label>\n    \n    <input\n    class=\"breakdance-form-field__input\"\n    id=\"Tipo de empresa\"\n    aria-describedby=\"Tipo de empresa\"\n    type=\"text\"\n    name=\"fields[Tipo de empresa]\"\n    placeholder=\"Tipo de empresa\"\n    value=\"\"\n                \n        \n        \n    \n    \n    \n>\n\n\n    \n    \n<\/div>\n\n\n<div class=\"breakdance-form-field breakdance-form-field--select\" >\n    \n    \n            <label class=\"breakdance-form-field__label\" for=\"Servicio\">\n            Servicios<span class=\"breakdance-form-field__required\">*<\/span>\n        <\/label>\n    \n    <select\n    class=\"breakdance-form-field__input\"\n    id=\"Servicio\"\n    name=\"fields[Servicio]\"\n    required\n    \n        >\n      <option value=\"\">Elige el servicio de tu inter\u00e9s<\/option>\n          <option value=\"Dise\u00f1o\" >Dise\u00f1o<\/option>\n        <option value=\"Ingenier\u00eda b\u00e1sica y de detalle\" >Ingenier\u00eda b\u00e1sica y de detalle<\/option>\n        <option value=\"Gerencia y supervici\u00f3n de proyectos EPC y EPCM\" >Gerencia y supervici\u00f3n de proyectos EPC y EPCM<\/option>\n        <option value=\"Fabricaci\u00f3n y montaje de estructuras met\u00e1licas\" >Fabricaci\u00f3n y montaje de estructuras met\u00e1licas<\/option>\n        <option value=\"Obras civiles\" >Obras civiles<\/option>\n        <option value=\"Tanques\" >Tanques<\/option>\n        <option value=\"Mazanines\" >Mazanines<\/option>\n        <option value=\"Estructuras especiales\" >Estructuras especiales<\/option>\n        <option value=\"Postes met\u00e1licos\" >Postes met\u00e1licos<\/option>\n        <option value=\"Pilotes met\u00e1licos\" >Pilotes met\u00e1licos<\/option>\n        <option value=\"Torres\" >Torres<\/option>\n        <option value=\"Carrocer\u00edas\" >Carrocer\u00edas<\/option>\n        <option value=\"PTAR\" >PTAR<\/option>\n        <option value=\"Techos met\u00e1licos\" >Techos met\u00e1licos<\/option>\n  <\/select>\n\n\n    \n    \n<\/div>\n\n\n<div class=\"breakdance-form-field breakdance-form-field--textarea\" >\n    \n    \n            <label class=\"breakdance-form-field__label\" for=\"message\">\n            Mensaje\n        <\/label>\n    \n    <textarea\n    class=\"breakdance-form-field__input\"\n    id=\"message\"\n    aria-describedby=\"message\"\n    type=\"textarea\"\n    name=\"fields[message]\"\n        placeholder=\"D\u00e9jenos sus comentarios o dudas...\"\n    \n    >\n<\/textarea>\n\n\n    \n    \n<\/div>\n\n\n<div class=\"breakdance-form-field breakdance-form-field--hidden\" >\n    \n    \n    \n    <input\n    id=\"csrfToken\"\n    type=\"hidden\"\n    name=\"fields[csrfToken]\"\n    value=\"53a32b44be\"\n    >\n\n\n    \n    \n<\/div>\n\n\n  \n\n<div class=\"breakdance-form-field breakdance-form-footer\">\n    \n    \n                                    \n    \n    \n    \n    \n            \n            <button type=\"submit\" class=\"button-atom button-atom--primary breakdance-form-button breakdance-form-button__submit\"  >\n    \n        <span class=\"button-atom__text\">Enviar<\/span>\n\n        \n        \n            <\/button>\n    \n    <input type=\"hidden\" name=\"form_id\" value=\"107\">\n    <input type=\"hidden\" name=\"post_id\" value=\"394\">\n<\/div>\n\n  \n<\/form>\n\n\n\n<\/div>\n<\/div><\/div>\n<\/div><div class=\"bde-column-394-105 bde-column\">\n  \n\t\n\n\n\n<div class=\"bde-google-map-394-106 bde-google-map\" data-entrance=\"slideUp\">\n\r\n<iframe width=\"100%\" height=\"100%\" style=\"border:0\" loading=\"lazy\" src=\"https:\/\/maps.google.com\/maps?q=Hyrco&t=m&z=16&output=embed&iwloc=near\" allowfullscreen><\/iframe>\n\n<\/div>\n<\/div><\/div><\/div>\n<\/section><\/div>","protected":false},"excerpt":{"rendered":"<p>Formulario de contacto Name* Tel\u00e9fono* Email* Empresa Servicios* Elige el servicio de tu inter\u00e9s Dise\u00f1o Ingenier\u00eda b\u00e1sica y de detalle Gerencia y supervici\u00f3n de proyectos EPC y EPCM Fabricaci\u00f3n y montaje de estructuras met\u00e1licas Obras civiles Tanques Mazanines Estructuras especiales Postes met\u00e1licos Pilotes met\u00e1licos Torres Carrocer\u00edas PTAR Techos met\u00e1licos Mensaje Enviar<\/p>\n","protected":false},"author":1,"featured_media":0,"parent":0,"menu_order":0,"comment_status":"closed","ping_status":"closed","template":"","meta":{"_acf_changed":false,"_breakdance_hide_in_design_set":false,"_breakdance_tags":"","footnotes":""},"class_list":["post-394","page","type-page","status-publish","hentry"],"acf":[],"_links":{"self":[{"href":"https:\/\/hyrco.com\/index.php\/wp-json\/wp\/v2\/pages\/394","targetHints":{"allow":["GET"]}}],"collection":[{"href":"https:\/\/hyrco.com\/index.php\/wp-json\/wp\/v2\/pages"}],"about":[{"href":"https:\/\/hyrco.com\/index.php\/wp-json\/wp\/v2\/types\/page"}],"author":[{"embeddable":true,"href":"https:\/\/hyrco.com\/index.php\/wp-json\/wp\/v2\/users\/1"}],"replies":[{"embeddable":true,"href":"https:\/\/hyrco.com\/index.php\/wp-json\/wp\/v2\/comments?post=394"}],"version-history":[{"count":22,"href":"https:\/\/hyrco.com\/index.php\/wp-json\/wp\/v2\/pages\/394\/revisions"}],"predecessor-version":[{"id":1525,"href":"https:\/\/hyrco.com\/index.php\/wp-json\/wp\/v2\/pages\/394\/revisions\/1525"}],"wp:attachment":[{"href":"https:\/\/hyrco.com\/index.php\/wp-json\/wp\/v2\/media?parent=394"}],"curies":[{"name":"wp","href":"https:\/\/api.w.org\/{rel}","templated":true}]}}